e greatest common factor of 18 and w.
2
Suppose -103*f - 96 = -107*f. Suppose 15*v + 130 - 970 = 0. What is the highest common divisor of f and v?
8
Let r be 660/((-13)/(-234)*18). Calculate the highest common factor of r and 1380.
60
Suppose 13*t - 1938 = 2924. Calculate the greatest common factor of t and 238.
34
Let m = -20141 - -35041. What is the greatest common factor of 150 and m?
50
Suppose 83 = 2*z + s, 31*z - 28*z + 2*s = 122. What is the highest common factor of 3300 and z?
44
Suppose 3*z + 5*v - 45 = 8*v, -v - 4 = 0. Suppose 6 - 79 = -x. Let q = x + -29. Calculate the greatest common divisor of z and q.
11
Let r(j) = 11*j**2 - 7*j. Let y be r(-7). Let v be y/24 + 6/(-4). Suppose -b - 111 = l - 6*l, 5*l = 4*b + 99. What is the highest common factor of v and l?
23
Let f be (1/1)/((-6)/(-126)). Suppose 1230 = -18*p + f*p. Calculate the greatest common divisor of 10 and p.
10
Let n be (-2758)/(-10) + 28/(-35). Suppose -110 = -2*b - 5*a, n = 5*b + 2*a - 5*a. Suppose -i + b = 13. Calculate the greatest common factor of i and 6.
6
Let j(a) = 3*a + 69. Let z be j(-8). Let s = -129 + 138. Calculate the highest common factor of z and s.
9
Let a be (-2 - -2 - (21 + 1306))/(1/(-7)). Calculate the greatest common factor of a and 7.
7
Let j = -1736 + 2534. Let o be j/((-6)/2) + 7 + -6. Let r be 1 - (o/6 - 1/(-6)). Calculate the greatest common divisor of r and 60.
15
Suppose -5*f + 3*t = 5*t - 183, 4*t + 78 = 2*f. Suppose -h + 4*i + 12 = -317, 3*h + 2*i = 1001. What is the greatest common factor of f and h?
37
Let t(y) = -y**2 - 18*y - 25. Let i be t(-13). Suppose 5*f - h - 354 = 0, 6*f - 2*f - 284 = h. Calculate the highest common factor of f and i.
10
Suppose -14*n = n - 180. Suppose 0 = -9*j + 487 + 215. Calculate the greatest common divisor of j and n.
6
Let i(s) = 7*s**2 + 94*s - 125. Let g be i(-15). What is the greatest common divisor of 245 and g?
5
Let n = 22 - 22. Suppose -5*c = -0*c. Let o be (n + -792)/(-4) + c. Calculate the highest common divisor of 22 and o.
22
Let f(u) = -u + 2 - 8 + 0 - u**3 + 7*u**2 + 4 - 3. Let v be f(-5). What is the highest common factor of 120 and v?
60
Suppose 4*b = -3*c - 29, 0*b = -2*c - 4*b - 22. Let r(w) = w**3 + 9*w**2 + 12*w + 17. Let m be r(c). Calculate the greatest common divisor of m and 31.
31
Let x(n) = 2*n**2 - 24*n + 15. Let o be x(11). Let m = o + 16. Let j be 6/m*(-216)/(-8). What is the greatest common factor of 9 and j?
9
Suppose 156 + 78 = 2*d. Suppose -3*c = -6*l + 10*l - 1267, -l = 5*c - 2140. What is the greatest common divisor of d and c?
39
Suppose -5*v = 2*k + 11, -2*k - 2*v = -0*v + 2. Let a(y) = -2 + 2*y + 13*y**2 - y + 69*y**2 + y. Let q be a(k). What is the highest common factor of q and 30?
30
Suppose -5*p + 12345 = 5*z, 13*z + 9879 = 17*z + p. What is the highest common divisor of z and 30?
10
Let l(b) = -4*b**3 - 2*b + 6. Let n be l(-3). Let i be ((-30)/n)/(2/(-264)). What is the highest common factor of i and 77?
11
Let j(p) = p**3 + 74*p**2 + 410*p + 152. Let m be j(-68). Let w be 16/(-1*2/(-86)). Calculate the greatest common factor of w and m.
16
Let u = 1663 + -1388. What is the greatest common divisor of u and 25?
25
Let q be -5 - (18/(-33) + 3066/(-66)). Let n be (-160)/48*q/(-4). Calculate the greatest common divisor of 98 and n.
7
Let g be ((-1224)/(-32) - 5) + (4 - 51/12). Calculate the highest common factor of 7370 and g.
11
Let h = -50 + 136. Let n be (h/8 + 2)/((-17)/(-68)). What is the greatest common factor of n and 85?
17
Suppose r = -2*d - 31, -13*r + 5*d = -8*r + 80. Let l be ((-78)/r)/((-14)/(-245)). What is the greatest common divisor of 156 and l?
13
Suppose 298 = 18*g - 620. Let a(y) = y**3 - y**2 - 2*y + 3. Let n be a(0). Let t be 6*(-2 + 23/n). Calculate the highest common factor of t and g.
17
Let i(x) = x**2 - 8*x - 14. Let t be i(10). Suppose -10*k + t*k + 40 = 0. Suppose -3*w + 560 = 5*w. What is the greatest common divisor of k and w?
10
Let b be (-3)/(-108)*12 - (-3)/((-18)/(-646)). Calculate the greatest common factor of 72 and b.
36
Suppose 2707*y - 2701*y = 300. What is the highest common divisor of y and 3275?
25
Let l be (-5)/3 + 3/((-54)/(-102)). Suppose 3*y + 69 = 3*c, -l*c + 49 + 47 = -2*y. Let g be (-3 - -8)/(1/45). Calculate the highest common factor of g and c.
25
Let y = -61 + 95. Suppose 2*s - y + 104 = 4*l, 0 = 3*l - 5*s - 56. Suppose -4*i = 6 - 74. Calculate the greatest common factor of i and l.
17
Suppose 0 = 99*c - 2038 - 11822. What is the highest common divisor of 6860 and c?
140
Suppose 2*h - 3*t = 482, 3*h + 4*t = 297 + 494. Calculate the greatest common factor of 132 and h.
11
Let h = 252 + -680. Let v = -415 - h. What is the highest common divisor of 13 and v?
13
Let v be (-1590)/(5 + 252/(-45)). Calculate the highest common factor of 150 and v.
50
Let p = 19 + -9. Let o = -473 - -481. What is the greatest common factor of o and p?
2
Suppose -4*n = n - 45. Let h(t) = -4*t**3 + 227*t**2 - 167*t + 16. Let i be h(56). Calculate the highest common factor of n and i.
9
Let a(s) = s**3 + 3*s**2 - 9*s - 1. Let v be a(-4). Let n be (8/(-10))/(v/(-1425)). Suppose -13 = 2*r - 61. Calculate the highest common factor of n and r.
12
Let k(y) = 1541*y**2 + 12*y - 13. Let h = 357 + -356. Let c be k(h). What is the highest common factor of 110 and c?
110
Let s be ((-95)/(-3))/(((-42)/(-1078))/((-162)/(-21))). Calculate the highest common divisor of s and 38.
38
Let v = -3191 - -3338. Calculate the greatest common divisor of v and 637.
49
Suppose 10 = 3*h - 2*u, -h - 2 + 1 = -5*u. Let l(w) = h*w + 2*w + 6 - 4*w**2 - 2*w**3 + 1 + w. Let b be l(-6). What is the greatest common factor of 23 and b?
23
Let x = 88 + -80. Suppose -36 = 7*k - x*k. What is the highest common factor of 18 and k?
18
Suppose 5*c + j = 166, 5*c - 102 = 2*c - 3*j. Let r be (-7664)/(-64) - (-5)/4. What is the highest common factor of c and r?
11
Suppose -94 = t - 2*t - q, q = -5*t + 470. Let j = t + 434. What is the greatest common divisor of 22 and j?
22
Suppose 4 = 4*q, -2*o + 32 = 151*q - 153*q. What is the greatest common factor of 7480 and o?
17
Suppose -2*x - 7 + 29 = -5*m, 5*x - 72 = 4*m. Suppose 0 = -u + 5 + 1. Suppose -2*n + 54 = u. Calculate the greatest common factor of x and n.
8
Let l(a) = a**3 + 13*a**2 + 18*a - 16. Let y be l(-11). Suppose -y = -2*i + 50. Calculate the greatest common divisor of 52 and i.
13
Let d = 2760 + -2756. Let a = 5 + -2. Suppose -5*j + 0*t + 240 = a*t, -d*t + 31 = j. Calculate the highest common divisor of 17 and j.
17
Let g be ((-3)/1 + -93)*14/(-42). Let l = 108 - g. What is the greatest common factor of l and 38?
38
Let g be 2/7 + (-36)/42*-9. Let s be ((-6)/g)/((-22)/1056). Calculate the greatest common divisor of s and 27.
9
Let i be 18 + 231/(-12) + ((-7899)/(-12) - 3). What is the highest common divisor of i and 24?
6
Let y = -20130 + 20273. Calculate the highest common divisor of y and 28743.
143
Let q(d) be the first derivative of 7*d**3/3 - 3*d**2/2 + 15*d - 3. Suppose 0 = 2*m - 41 + 35. Let g be q(m). Calculate the greatest common divisor of 46 and g.
23
Let y be 6/4*141024/144. Let f = -781 + y. Calculate the greatest common factor of 43 and f.
43
Let g be 10/(-105) - (-73762)/546. What is the highest common divisor of g and 450?
45
Let l(z) = z**2 + 14*z + 13. Let i be l(-13). Let c(p) = 8*p. Let j be c(i). Let s be 1/(j + 2/46). What is the greatest common factor of s and 184?
23
Let c be 34/6 + (-7)/(-21). Suppose -7*h + 55 = c. What is the greatest common divisor of 1 and h?
1
Let n be (7/(-4))/((-14)/784). Suppose b - n - 89 = 0. Calculate the greatest common factor of b and 11.
11
Suppose -19*c + 1075 = -673. Calculate the highest common divisor of 11500 and c.
92
Let i = 974 + -954. Let k be (-43)/(-2) + 2/(-4). Let t = k - -19. What is the highest common divisor of i and t?
20
Let z(c) = 12*c**2 + 8*c - 17. Let t(o) = -o**3 + 8*o**2 - o - 37. Let w be t(7). Let a be z(w). What is the highest common factor of a and 17?
17
Suppose -4*x - 14*c + 891 = 151, -4*c - 326 = -2*x. What is the greatest common factor of x and 1197?
171
Let u(r) = 31*r**2 + 3*r - 22. Suppose -h = -3*o - 5, -o + 3 = -h + 2. Let q be u(h). What is the greatest common divisor of 14 and q?
14
Let h be 1/(-5) - (-217)/35. Let n be (-3)/h -